{"id":109,"date":"2025-11-13T13:31:26","date_gmt":"2025-11-13T13:31:26","guid":{"rendered":"https:\/\/smarthomeconseil.fr\/?page_id=109"},"modified":"2025-11-14T16:54:57","modified_gmt":"2025-11-14T16:54:57","slug":"prestations","status":"publish","type":"page","link":"https:\/\/smarthomeconseil.fr\/?page_id=109","title":{"rendered":"Prestations"},"content":{"rendered":"\n<div style=\"height:50px\" aria-hidden=\"true\" class=\"wp-block-spacer\"><\/div>\n\n\n\n<h3 class=\"wp-block-heading has-text-align-center\">\ud83d\udd27 Prestations Domotique \u2013 Sur-Mesure &amp; Devis Gratuit<\/h3>\n\n\n\n<p class=\"has-text-align-center has-medium-font-size\">Nous installons des solutions domotiques simples et efficaces pour rendre votre maison <strong>plus confortable, plus s\u00fbre et plus \u00e9conome en \u00e9nergie<\/strong>.<br>Chaque projet est <strong>enti\u00e8rement personnalis\u00e9<\/strong> selon vos besoins.<\/p>\n\n\n\n<p><\/p>\n\n\n\n<p><\/p>\n\n\n\n<div class=\"wp-block-columns is-layout-flex wp-container-core-columns-is-layout-28f84493 wp-block-columns-is-layout-flex\">\n<div class=\"wp-block-column is-layout-flow wp-block-column-is-layout-flow\">\n<figure class=\"wp-block-image size-large is-resized\"><img loading=\"lazy\" decoding=\"async\" width=\"683\" height=\"1024\" src=\"http:\/\/smarthomeconseil.fr\/wp-content\/uploads\/2025\/11\/ChatGPT-Image-14-nov.-2025-17_39_08-683x1024.png\" alt=\"\" class=\"wp-image-264\" style=\"width:458px;height:auto\" srcset=\"https:\/\/smarthomeconseil.fr\/wp-content\/uploads\/2025\/11\/ChatGPT-Image-14-nov.-2025-17_39_08-683x1024.png 683w, https:\/\/smarthomeconseil.fr\/wp-content\/uploads\/2025\/11\/ChatGPT-Image-14-nov.-2025-17_39_08-200x300.png 200w, https:\/\/smarthomeconseil.fr\/wp-content\/uploads\/2025\/11\/ChatGPT-Image-14-nov.-2025-17_39_08-768x1152.png 768w, https:\/\/smarthomeconseil.fr\/wp-content\/uploads\/2025\/11\/ChatGPT-Image-14-nov.-2025-17_39_08.png 1024w\" sizes=\"auto, (max-width: 683px) 100vw, 683px\" \/><\/figure>\n<\/div>\n\n\n\n<div class=\"wp-block-column is-layout-flow wp-block-column-is-layout-flow\">\n<p><\/p>\n\n\n\n<h2 class=\"wp-block-heading\"><strong>Nos prestations :<\/strong><\/h2>\n\n\n\n<ul class=\"wp-block-list\">\n<li class=\"has-medium-font-size\">Gestion intelligente des \u00e9clairages<\/li>\n\n\n\n<li class=\"has-medium-font-size\">Automatisations personnalis\u00e9es<\/li>\n\n\n\n<li class=\"has-medium-font-size\">Sc\u00e8nes de vie &amp; commandes centralis\u00e9es<\/li>\n\n\n\n<li class=\"has-medium-font-size\">Optimisation de votre \u00e9nergie (surplus solaire, \u00e9conomies\u2026)<\/li>\n<\/ul>\n\n\n\n<p class=\"has-text-align-center has-medium-font-size\">Votre maison devient intuitive, connect\u00e9e\u2026 et vraiment pratique au quotidien.<br>\ud83d\udc49 <em>Devis gratuit \u2013 Intervention \u00e0 domicile ou \u00e0 distance.<\/em><\/p>\n<\/div>\n<\/div>\n\n\n\n<p><\/p>\n\n\n\n<p><\/p>\n\n\n\n<h3 class=\"wp-block-heading has-text-align-center\"><strong>Pourquoi nous choisir ?<\/strong><\/h3>\n\n\n\n<ul class=\"wp-block-list has-medium-font-size\">\n<li>\u2b50 <strong>Prestations 100% sur-mesure<\/strong><\/li>\n\n\n\n<li>\ud83d\udee0\ufe0f <strong>Installation + configuration compl\u00e8te<\/strong><\/li>\n\n\n\n<li>\ud83d\udcf1 <strong>Home Assistant ma\u00eetris\u00e9 et optimis\u00e9<\/strong><\/li>\n\n\n\n<li>\ud83e\udde0 <strong>Automatisations intelligentes adapt\u00e9es \u00e0 votre mode de vie<\/strong><\/li>\n<\/ul>\n\n\n\n<p><\/p>\n\n\n\n<div class=\"wp-block-buttons is-content-justification-center is-layout-flex wp-container-core-buttons-is-layout-a89b3969 wp-block-buttons-is-layout-flex\">\n<div class=\"wp-block-button has-custom-width wp-block-button__width-25\"><a class=\"wp-block-button__link has-medium-font-size has-custom-font-size wp-element-button\" style=\"border-radius:50px;padding-top:var(--wp--preset--spacing--30);padding-right:var(--wp--preset--spacing--30);padding-bottom:var(--wp--preset--spacing--30);padding-left:var(--wp--preset--spacing--30)\">Contactez Nous<br> Pour Une Etude Personnalis\u00e9e<\/a><\/div>\n<\/div>\n\n\n\n<div class=\"wp-block-columns is-layout-flex wp-container-core-columns-is-layout-28f84493 wp-block-columns-is-layout-flex\">\n<div class=\"wp-block-column is-layout-flow wp-block-column-is-layout-flow\"><\/div>\n\n\n\n<div class=\"wp-block-column is-layout-flow wp-block-column-is-layout-flow\">\n<p><\/p>\n\n\n\n<p><\/p>\n<\/div>\n<\/div>\n\n\n\n<p><\/p>\n","protected":false},"excerpt":{"rendered":"<p>\ud83d\udd27 Prestations Domotique \u2013 Sur-Mesure &amp; Devis Gratuit Nous installons des solutions domotiques simples et efficaces pour rendre votre maison plus confortable, plus s\u00fbre et plus \u00e9conome en \u00e9nergie.Chaque projet est enti\u00e8rement personnalis\u00e9 selon vos besoins. Nos prestations : Votre maison devient intuitive, connect\u00e9e\u2026 et vraiment pratique au quotidien.\ud83d\udc49 Devis gratuit \u2013 Intervention \u00e0 domicile [&hellip;]<\/p>\n","protected":false},"author":1,"featured_media":0,"parent":0,"menu_order":0,"comment_status":"closed","ping_status":"closed","template":"","meta":{"footnotes":""},"class_list":["post-109","page","type-page","status-publish","hentry"],"blocksy_meta":[],"yoast_head":"<!-- This site is optimized with the Yoast SEO plugin v26.3 - https:\/\/yoast.com\/wordpress\/plugins\/seo\/ -->\n<title>Prestations -<\/title>\n<meta name=\"robots\" content=\"index, follow, max-snippet:-1, max-image-preview:large, max-video-preview:-1\" \/>\n<link rel=\"canonical\" href=\"https:\/\/smarthomeconseil.fr\/?page_id=109\" \/>\n<meta property=\"og:locale\" content=\"fr_FR\" \/>\n<meta property=\"og:type\" content=\"article\" \/>\n<meta property=\"og:title\" content=\"Prestations -\" \/>\n<meta property=\"og:description\" content=\"\ud83d\udd27 Prestations Domotique \u2013 Sur-Mesure &amp; Devis Gratuit Nous installons des solutions domotiques simples et efficaces pour rendre votre maison plus confortable, plus s\u00fbre et plus \u00e9conome en \u00e9nergie.Chaque projet est enti\u00e8rement personnalis\u00e9 selon vos besoins. Nos prestations : Votre maison devient intuitive, connect\u00e9e\u2026 et vraiment pratique au quotidien.\ud83d\udc49 Devis gratuit \u2013 Intervention \u00e0 domicile [&hellip;]\" \/>\n<meta property=\"og:url\" content=\"https:\/\/smarthomeconseil.fr\/?page_id=109\" \/>\n<meta property=\"article:modified_time\" content=\"2025-11-14T16:54:57+00:00\" \/>\n<meta property=\"og:image\" content=\"https:\/\/smarthomeconseil.fr\/wp-content\/uploads\/2025\/11\/ChatGPT-Image-14-nov.-2025-17_39_08-683x1024.png\" \/>\n\t<meta property=\"og:image:width\" content=\"683\" \/>\n\t<meta property=\"og:image:height\" content=\"1024\" \/>\n\t<meta property=\"og:image:type\" content=\"image\/png\" \/>\n<meta name=\"twitter:card\" content=\"summary_large_image\" \/>\n<meta name=\"twitter:label1\" content=\"Dur\u00e9e de lecture estim\u00e9e\" \/>\n\t<meta name=\"twitter:data1\" content=\"1 minute\" \/>\n<script type=\"application\/ld+json\" class=\"yoast-schema-graph\">{\"@context\":\"https:\/\/schema.org\",\"@graph\":[{\"@type\":\"WebPage\",\"@id\":\"https:\/\/smarthomeconseil.fr\/?page_id=109\",\"url\":\"https:\/\/smarthomeconseil.fr\/?page_id=109\",\"name\":\"Prestations -\",\"isPartOf\":{\"@id\":\"https:\/\/smarthomeconseil.fr\/?page_id=87\/#website\"},\"primaryImageOfPage\":{\"@id\":\"https:\/\/smarthomeconseil.fr\/?page_id=109#primaryimage\"},\"image\":{\"@id\":\"https:\/\/smarthomeconseil.fr\/?page_id=109#primaryimage\"},\"thumbnailUrl\":\"http:\/\/smarthomeconseil.fr\/wp-content\/uploads\/2025\/11\/ChatGPT-Image-14-nov.-2025-17_39_08-683x1024.png\",\"datePublished\":\"2025-11-13T13:31:26+00:00\",\"dateModified\":\"2025-11-14T16:54:57+00:00\",\"breadcrumb\":{\"@id\":\"https:\/\/smarthomeconseil.fr\/?page_id=109#breadcrumb\"},\"inLanguage\":\"fr-FR\",\"potentialAction\":[{\"@type\":\"ReadAction\",\"target\":[\"https:\/\/smarthomeconseil.fr\/?page_id=109\"]}]},{\"@type\":\"ImageObject\",\"inLanguage\":\"fr-FR\",\"@id\":\"https:\/\/smarthomeconseil.fr\/?page_id=109#primaryimage\",\"url\":\"https:\/\/smarthomeconseil.fr\/wp-content\/uploads\/2025\/11\/ChatGPT-Image-14-nov.-2025-17_39_08.png\",\"contentUrl\":\"https:\/\/smarthomeconseil.fr\/wp-content\/uploads\/2025\/11\/ChatGPT-Image-14-nov.-2025-17_39_08.png\",\"width\":1024,\"height\":1536},{\"@type\":\"BreadcrumbList\",\"@id\":\"https:\/\/smarthomeconseil.fr\/?page_id=109#breadcrumb\",\"itemListElement\":[{\"@type\":\"ListItem\",\"position\":1,\"name\":\"Accueil\",\"item\":\"https:\/\/smarthomeconseil.fr\/\"},{\"@type\":\"ListItem\",\"position\":2,\"name\":\"Prestations\"}]},{\"@type\":\"WebSite\",\"@id\":\"https:\/\/smarthomeconseil.fr\/?page_id=87\/#website\",\"url\":\"https:\/\/smarthomeconseil.fr\/?page_id=87\/\",\"name\":\"\",\"description\":\"\",\"potentialAction\":[{\"@type\":\"SearchAction\",\"target\":{\"@type\":\"EntryPoint\",\"urlTemplate\":\"https:\/\/smarthomeconseil.fr\/?page_id=87\/?s={search_term_string}\"},\"query-input\":{\"@type\":\"PropertyValueSpecification\",\"valueRequired\":true,\"valueName\":\"search_term_string\"}}],\"inLanguage\":\"fr-FR\"}]}<\/script>\n<!-- \/ Yoast SEO plugin. -->","yoast_head_json":{"title":"Prestations -","robots":{"index":"index","follow":"follow","max-snippet":"max-snippet:-1","max-image-preview":"max-image-preview:large","max-video-preview":"max-video-preview:-1"},"canonical":"https:\/\/smarthomeconseil.fr\/?page_id=109","og_locale":"fr_FR","og_type":"article","og_title":"Prestations -","og_description":"\ud83d\udd27 Prestations Domotique \u2013 Sur-Mesure &amp; Devis Gratuit Nous installons des solutions domotiques simples et efficaces pour rendre votre maison plus confortable, plus s\u00fbre et plus \u00e9conome en \u00e9nergie.Chaque projet est enti\u00e8rement personnalis\u00e9 selon vos besoins. Nos prestations : Votre maison devient intuitive, connect\u00e9e\u2026 et vraiment pratique au quotidien.\ud83d\udc49 Devis gratuit \u2013 Intervention \u00e0 domicile [&hellip;]","og_url":"https:\/\/smarthomeconseil.fr\/?page_id=109","article_modified_time":"2025-11-14T16:54:57+00:00","og_image":[{"width":683,"height":1024,"url":"https:\/\/smarthomeconseil.fr\/wp-content\/uploads\/2025\/11\/ChatGPT-Image-14-nov.-2025-17_39_08-683x1024.png","type":"image\/png"}],"twitter_card":"summary_large_image","twitter_misc":{"Dur\u00e9e de lecture estim\u00e9e":"1 minute"},"schema":{"@context":"https:\/\/schema.org","@graph":[{"@type":"WebPage","@id":"https:\/\/smarthomeconseil.fr\/?page_id=109","url":"https:\/\/smarthomeconseil.fr\/?page_id=109","name":"Prestations -","isPartOf":{"@id":"https:\/\/smarthomeconseil.fr\/?page_id=87\/#website"},"primaryImageOfPage":{"@id":"https:\/\/smarthomeconseil.fr\/?page_id=109#primaryimage"},"image":{"@id":"https:\/\/smarthomeconseil.fr\/?page_id=109#primaryimage"},"thumbnailUrl":"http:\/\/smarthomeconseil.fr\/wp-content\/uploads\/2025\/11\/ChatGPT-Image-14-nov.-2025-17_39_08-683x1024.png","datePublished":"2025-11-13T13:31:26+00:00","dateModified":"2025-11-14T16:54:57+00:00","breadcrumb":{"@id":"https:\/\/smarthomeconseil.fr\/?page_id=109#breadcrumb"},"inLanguage":"fr-FR","potentialAction":[{"@type":"ReadAction","target":["https:\/\/smarthomeconseil.fr\/?page_id=109"]}]},{"@type":"ImageObject","inLanguage":"fr-FR","@id":"https:\/\/smarthomeconseil.fr\/?page_id=109#primaryimage","url":"https:\/\/smarthomeconseil.fr\/wp-content\/uploads\/2025\/11\/ChatGPT-Image-14-nov.-2025-17_39_08.png","contentUrl":"https:\/\/smarthomeconseil.fr\/wp-content\/uploads\/2025\/11\/ChatGPT-Image-14-nov.-2025-17_39_08.png","width":1024,"height":1536},{"@type":"BreadcrumbList","@id":"https:\/\/smarthomeconseil.fr\/?page_id=109#breadcrumb","itemListElement":[{"@type":"ListItem","position":1,"name":"Accueil","item":"https:\/\/smarthomeconseil.fr\/"},{"@type":"ListItem","position":2,"name":"Prestations"}]},{"@type":"WebSite","@id":"https:\/\/smarthomeconseil.fr\/?page_id=87\/#website","url":"https:\/\/smarthomeconseil.fr\/?page_id=87\/","name":"","description":"","potentialAction":[{"@type":"SearchAction","target":{"@type":"EntryPoint","urlTemplate":"https:\/\/smarthomeconseil.fr\/?page_id=87\/?s={search_term_string}"},"query-input":{"@type":"PropertyValueSpecification","valueRequired":true,"valueName":"search_term_string"}}],"inLanguage":"fr-FR"}]}},"jetpack_sharing_enabled":true,"_links":{"self":[{"href":"https:\/\/smarthomeconseil.fr\/index.php?rest_route=\/wp\/v2\/pages\/109","targetHints":{"allow":["GET"]}}],"collection":[{"href":"https:\/\/smarthomeconseil.fr\/index.php?rest_route=\/wp\/v2\/pages"}],"about":[{"href":"https:\/\/smarthomeconseil.fr\/index.php?rest_route=\/wp\/v2\/types\/page"}],"author":[{"embeddable":true,"href":"https:\/\/smarthomeconseil.fr\/index.php?rest_route=\/wp\/v2\/users\/1"}],"replies":[{"embeddable":true,"href":"https:\/\/smarthomeconseil.fr\/index.php?rest_route=%2Fwp%2Fv2%2Fcomments&post=109"}],"version-history":[{"count":11,"href":"https:\/\/smarthomeconseil.fr\/index.php?rest_route=\/wp\/v2\/pages\/109\/revisions"}],"predecessor-version":[{"id":271,"href":"https:\/\/smarthomeconseil.fr\/index.php?rest_route=\/wp\/v2\/pages\/109\/revisions\/271"}],"wp:attachment":[{"href":"https:\/\/smarthomeconseil.fr\/index.php?rest_route=%2Fwp%2Fv2%2Fmedia&parent=109"}],"curies":[{"name":"wp","href":"https:\/\/api.w.org\/{rel}","templated":true}]}}